tens digit of 2/a + (-50)/(-3)?
1
Let f = 2 - 3. Let v be (3/9 + f)*18. What is the tens digit of (-1 - (0 + v)) + -1?
1
Let y(u) = -u**2 + 5*u + 2. Let z(d) = d + 5. Let w be z(0). What is the units digit of y(w)?
2
Let t be 0/(-1*3) - -3. Suppose -5*j + 2*z = t*z - 145, -3*j + 2*z + 74 = 0. Suppose 5*o = o + j. What is the units digit of o?
7
Suppose 0 = 3*c - 2*z - 0*z + 79, -23 = c + z. What is the tens digit of (-1 - 2)*c/3?
2
Suppose 0 = -o + 5*o + 5*x - 557, 5*o - 4*x - 727 = 0. What is the tens digit of o?
4
Let o(j) = -4*j**3 - 8*j**2 + 2*j - 4. What is the tens digit of o(-4)?
1
Let v(x) = 5 + 2*x + 0*x - 1 - 1. What is the units digit of v(5)?
3
Suppose -5*t + 2*u + 283 = 0, -4*t = -3*u + 53 - 285. What is the units digit of t?
5
What is the units digit of ((-2)/6)/(6/(-36)) + 35?
7
Suppose 4*i = i + 27. Suppose -36 + i = -c + 3*g, 0 = -2*g - 2. What is the units digit of c?
4
Let t be 62 - (-7)/(14/4). Suppose 0 = 3*y + y - t. What is the units digit of y?
6
Suppose -2*c + 6*c + 12 = 4*f, -5*f + 33 = 4*c. Suppose -b + 5*g = -1 + 4, f*g = 5. What is the units digit of b?
2
Let z(x) = -x**2 - 7*x - 6. Suppose 3 + 7 = 5*v. Suppose -v*p - 7 = 5*c + 5, -3*c + 4*p - 28 = 0. What is the units digit of z(c)?
6
Let o(m) = -9*m - 1. Let x be o(-1). Let h(a) = a**3 - 8*a**2 + a - 8. Let u be h(x). Suppose 4*v - 88 + 8 = u. What is the units digit of v?
0
Let z = 841 + -477. What is the units digit of z?
4
Suppose -t - f = -10, 2*f + 8 = 4*f. What is the units digit of t?
6
What is the tens digit of 7/(49/124) + 4/14?
1
Suppose 3*o = 4*p - 89 + 5, o = 0. What is the tens digit of p/(-3)*(-1 + -3)?
2
Suppose -o - 4*a + 8 = 0, 2*o + a - 6*a + 49 = 0. What is the units digit of 34/3 - 8/o?
2
Suppose -2*v - 3*v = -t + 2, 0 = 4*t + v - 8. Let m be -1*18/((-4)/t). Suppose 3*i - 9 - m = 0. What is the units digit of i?
6
Let u(l) = -l + 36. What is the units digit of u(-18)?
4
Suppose 3*i + 292 = 5*h, 0 = -4*i - 0*i - 16. What is the tens digit of h?
5
Let f(y) = y**2 - 2*y - 5. Let q = 13 - 9. Let c be f(q). Suppose c*n - 23 = g, 0 = 5*n - 2*n - 4*g - 20. What is the units digit of n?
8
Let n(k) = -11*k - 8. What is the tens digit of n(-5)?
4
What is the tens digit of (-13)/(-91) + (-1154)/(-7)?
6
Let k = -77 - -177. What is the units digit of k?
0
Let j = -14 - -2. Let f(i) = i**2 + 11*i - 8. What is the units digit of f(j)?
4
Suppose 8 = -l + 38. Suppose -4*c = -0*c - 5*d - 57, 2*d = 2*c - l. What is the tens digit of c?
1
Suppose -4*u = -14 - 2. Let n be (3 + -5)/1 + (-205)/(-5). Suppose 0 = 5*t - u*y + 2*y - 43, 0 = 5*t - y - n. What is the units digit of t?
7
Let g(r) = r**2 + 9*r - 3. Let o be g(-11). Let p = o - -3. What is the tens digit of p?
2
Let h(n) = -n**2 - 4*n + 2. Suppose 15 = -0*t - 5*t. Let g be h(t). Let a = g + -3. What is the units digit of a?
2
Suppose 5*c + 3*f = -39, 5*c - f + 0*f + 47 = 0. Let n = -4 - c. Let y(b) = 3*b - 5. What is the units digit of y(n)?
0
Suppose 0 = j + j - 2*m - 8, -2*j = -5*m - 8. Suppose j*h + 3*a = 67, h - 2*h + a + 15 = 0. What is the tens digit of h?
1
Suppose -55 = -11*d + 6*d. What is the units digit of d?
1
Let y = -6 - -7. What is the units digit of (-3)/(((-1)/y)/3)?
9
Let f(r) be the second derivative of 7*r**3/6 - 5*r**2 - 5*r. What is the units digit of f(9)?
3
Suppose 2*x - 12 = -7*i + 3*i, -4*x = 0. What is the units digit of i?
3
What is the tens digit of 6/(1/(-33)*-2)?
9
Suppose i + 14 = 3*p, -i = 3*p - 0*i - 10. Suppose 3*t - 4*r = 11, -r - 4 = -2*t + 5. Suppose t*j = 9 - p. What is the units digit of j?
1
Let h be (-2)/(-4)*6 + 61. Suppose -25 = 2*b - 3*g - h, 3*b - 49 = -5*g. What is the units digit of b?
8
Suppose -5*v - 5*i - 208 = 57, 3 = -3*i. Let k = -30 - v. Let r = k + -15. What is the units digit of r?
7
Suppose -4*u + 5*r + 31 = 0, 3*u - 24 = 5*r - 7. What is the units digit of u?
4
Let q = 250 + -163. What is the units digit of q?
7
Suppose -3*r + 2*r = 0. Suppose -3*k + 2*l + 16 = r, -l + 1 = 4*k - 2. Suppose m = -k*m + 9. What is the units digit of m?
3
Let y(j) = j**2 + 6*j - 2. Let f be y(-7). Let a(h) = -3 - 5*h + 3*h - h + f*h. What is the units digit of a(2)?
1
Suppose -5*j - 36 = 4*v, 2 - 6 = j. Let c be v/(-2) + (3 - 2). What is the units digit of c/((2 + -1)/2)?
6
Suppose 2*s + 2*s = 272. What is the tens digit of s?
6
Let n(a) = 3*a**2 - a. Let j be n(-1). Suppose 60 = f + 5*p, j*p = 3*p. Suppose s + 2*s - f = 0. What is the units digit of s?
0
Suppose -7*m = 4*m - 836. What is the tens digit of m?
7
Suppose 4*u - u - 45 = 0. What is the units digit of u?
5
Let p = 10 - 1. Let d be (10/5 - 4) + -2. What is the units digit of (p + d)*(-3)/(-5)?
3
Let k(p) = p**3 - 6*p**2 + p + 2. Let g(v) = -5*v**3 + v**2. Let y be g(-1). What is the units digit of k(y)?
8
Suppose 7*u - 4*u = 15. Suppose -4*v + 53 = -0*m - m, 70 = 5*v - u*m. Suppose 5 - v = -4*n. What is the units digit of n?
2
What is the tens digit of -8 - -155 - 0/(6/(-3))?
4
Let g be (6/4)/((-1)/(-2)). Let h(t) = g + t - t - t. What is the units digit of h(-5)?
8
Suppose 5*a = -2*z + 7*z, 3*a = 2*z + 2. Let d(c) = -3*c + c**2 - c - a*c + 5*c + 1. What is the tens digit of d(-3)?
1
Let d = -48 - -75. What is the units digit of d?
7
Let j be (1 + 0)*(-11 - -1). Let l = j + 19. What is the units digit of l?
9
Let o = 36 - -228. What is the tens digit of o?
6
Let p = -7 - -10. Suppose 4*k - p = 5. Suppose 2*q - 2*o - o - 27 = 0, -21 = -k*q + o. What is the units digit of q?
9
Let f(z) be the first derivative of z**5/120 - z**4/8 + 4*z**3/3 + 3. Let k(r) be the third derivative of f(r). What is the units digit of k(11)?
8
Let g(t) = -2*t - 6. Let k be g(-5). Suppose -3*x - x - k*j + 24 = 0, -x = -3*j - 22. What is the units digit of x?
0
Suppose 2*h + 3*h + 90 = 0. What is the units digit of h/27*-4*12?
2
Let g(f) = 19*f + 3. Let a be g(-2). Let n = -24 - a. What is the units digit of n?
1
Let a(t) = 7*t**2 + 16*t - 4. What is the tens digit of a(4)?
7
Suppose 6 = 2*i + b + b, -5*i = -3*b - 39. Suppose 2*p + 5*g = i, -p - g - 10 = -2*p. Suppose 1 = 2*x - 5*a - 1, x + a = p. What is the units digit of x?
6
Let k = -56 + 91. What is the tens digit of k?
3
Let s be 8/28 - 94/(-14). Let n(x) = x**3 - 7*x**2 - 2*x + 10. Let c be n(s). Let q(b) = -b**2 - 5*b + 4. What is the units digit of q(c)?
8
Let c be (20/6)/(-5)*-6. Suppose i - 4 = c. Suppose -2*n + i = -10. What is the units digit of n?
9
Let x = 17 + -4. What is the tens digit of x?
1
Let p(q) = -q**3 + 5*q**2 + 3*q. Let z be p(4). Let u = -3 + z. What is the units digit of u?
5
Suppose 2*c + 10 = -n - 3, 4*n + 4*c = -44. What is the units digit of 17/((n/3)/(-3))?
7
Let a be -1 + 3*(2 + -1). Suppose 4*v + 4*k = 72, 0*v - 4*k = a*v - 40. What is the units digit of v?
6
Let c be (2*-1)/(2 - 4). Suppose 3 = 2*p + c. What is the units digit of p?
1
Let f(n) = -3*n**3 - n**2 + 1. Let i be f(-1). Suppose i*z + 4*l + 7 = 0, 3*z - 3*l + 8 = -13. Let a = 7 + z. What is the units digit of a?
2
Suppose 46 = 3*r + 2*o, 41 = r + 2*r + o. Suppose -r = 2*x - 3*n, -7 = -2*x - 3*n + 5. What is the units digit of (x - -1)*(-9)/(-3)?
3
Let k(x) = -x**2 + 147. What is the units digit of k(0)?
7
Let o(n) = -2*n**2 + 9 - n - 2 - 8*n + 4*n**2. Let t be o(7). Suppose -4*s + t = -s. What is the tens digit of s?
1
Suppose -4*y + 3*i - i = -334, 4*i - 152 = -2*y. What is the units digit of y?
2
Let u(x) = x + 9. What is the units digit of u(-7)?
2
Let d = -9 - -13. Let u(t) = t**3 - t**2 - 2*t - 4. What is the tens digit of u(d)?
3
Suppose -j - 98 = -3*u, 62 - 158 = -3*u + 3*j. What is the units digit of u?
3
Let h = -4 - -22. Let z = h - 6. What is the units digit of z?
2
What is the tens digit of (18 + -11)*5/((-70)/(-492))?
4
Let a(i) = 5*i + 6. What is the units digit of a(2)?
6
Let f = -26 - -65. What is the units digit of f?
9
Suppose -4*q = -0*q + 80. What is the units digit of 5/q - (-61)/4?
5
Suppose 20 = -3*c - 7. Let s(t) = -t - 7. Let v be s(c). Suppose -7*r + v*r = -10. What is the units digit of r?
2
Let y(z) = 2*z - 17. What is the tens digit of y(15)?
1
Let q(d) = -d**2 + d + 21. Let k be q(0). Suppose 2*r - k = 1. What is the units digit of r?
1
Let f(o) = o**2 - o + 2. Let c be f(-5). Suppose -5*b + b = -112. Suppose 4*n - b = 2*x, 3*n + 13 - c = x. What is the u